r) = r**2 - 3*r + 7. Let g(h) = h**2 - 3*h + 6. Let j(l) = 3*c(l) - 4*g(l). What is j(7)?
-31
Suppose -4*p - 4 = -6*p. Let x be 5 + -5 - -3*1. Let z(q) = -q**2 + q**3 - q + 3*q - x*q + 2. Determine z(p).
4
Let h(z) = -3*z + 5. Let a = 161 + -157. What is h(a)?
-7
Let w(z) = 3*z - 8. Let c(n) = -n + 4. Let u(f) = -5*c(f) - 2*w(f). Let d be u(-11). Let t = 12 - d. Let x(m) = m - 3. Determine x(t).
2
Let x(d) = 6*d + 1. Let t(u) = -5*u + 1. Let c(i) = 3*t(i) + 2*x(i). Suppose s + z = 8 - 1, -35 = -5*s - z. Suppose 2*g - s = f, -f + 9 = 2*f. Calculate c(g).
-10
Let v(b) = -b**2 + 2*b + 2. Let r(m) = m**2 - m - 2. Let t(s) = s + 9. Let d be t(-7). Let p = 0 - d. Let w be r(p). Give v(w).
-6
Let l(x) be the first derivative of -x**3/3 + 2*x**2 - 5*x - 57. What is l(4)?
-5
Let f(p) = -1084 - 1074 + 2162 - 2*p. Give f(-3).
10
Suppose 0 = 2*b - 5*i + 10, -3*i = -11 - 1. Let g be 27*((-15)/(-9))/b. Let n(q) = 3*q - 7*q + g + 3*q. Determine n(4).
5
Let h(f) = 3*f**2 + 21*f - 6. Let y be h(-7). Let v be 3*((-7)/1 + y/(-2)). Let g(s) = -s**2 - 10*s + 17. Calculate g(v).
-7
Let c = 31 + -34. Let b(k) = -k**3 - 3*k**2 - k + 2. Calculate b(c).
5
Let d(q) be the second derivative of -1/3*q**3 + 0 + 2*q**2 + 4*q. Let p(b) = b + 1. Let x be p(2). Determine d(x).
-2
Let w(l) = -l**2 + 4*l + 5. Let p be w(4). Let z be 14/91 + (-10)/65. Let s = p + z. Let o(t) = -2*t - 1. Calculate o(s).
-11
Let l(p) be the third derivative of -p**5/60 + 11*p**4/24 + 11*p**3/6 - 2*p**2 - 29. What is l(12)?
-1
Let h(q) = q**2 - 8*q - 7. Let g be 0 - (-3 - -10)*-1. Determine h(g).
-14
Let w = 11 + -14. Let z be 2 - 6/(w - -6). Let s(h) = -1 + z*h - h**3 - 2 - 5*h**2 - 1 - 7*h. What is s(-4)?
8
Let t(y) be the first derivative of 1/2*y**2 + 10/3*y**3 + 0*y + 2. What is t(-1)?
9
Suppose -4*p = -2*p - 4. Let w(x) = -2*x**2 + 3*x**p - 1 + 5 - x - 1. Let v = 140 - 137. Give w(v).
9
Suppose 0 = 2*n + 2*m, -2*n + 4*n + m = 4. Let c(y) = -6*y + 2. Give c(n).
-22
Let j(g) = -7*g**2 - 6*g**2 + 2 - 5*g + 20*g**2 - 6*g**2. Suppose 8 = -0*m + m. Let p = 12 - m. Determine j(p).
-2
Suppose 2*x - 2*a - 10 = -0*a, 3*x + 5*a = -9. Suppose 3*u + 2*w = -x*u + 15, -2*w + 9 = 3*u. Let o(s) = 0*s**2 + s**2 + 0*s + 2*s + u + 5*s. Give o(-4).
-9
Let m = -926 - -924. Let s(u) = 2 + 0*u + u**2 + 0*u. What is s(m)?
6
Let x(t) = 2*t + 2. Let i = -691 - -694. Determine x(i).
8
Suppose 153*t + 187 = 164*t. Let p(j) = -j**2 + 18*j - 8. Determine p(t).
9
Let l(m) = -4*m + 52. Let d be l(13). Let t(q) = -4*q + 5 + 0*q + 7*q**2 - 4*q**2 + q**3 + d*q**3. Let u(i) = i**2 + 6*i - 4. Let k be u(-6). What is t(k)?
5
Let m(v) be the first derivative of -v**2/2 - 8*v + 77. Give m(0).
-8
Let m(i) be the third derivative of i**4/8 - i**3 + 3*i**2 - 7*i. What is m(4)?
6
Let h(u) = u - 14. Suppose 0 = -3*b - 3*b + 942. Let o = b + -150. Give h(o).
-7
Let i be 2*(2/(-8))/((-15)/30). Let k(j) = -j**3 + j + i - 12 + 12. What is k(-2)?
7
Suppose 210 = 10*u + 140. Let f(y) = y**3 - 6*y**2 - 6*y - 4. Determine f(u).
3
Let r = 492 + -493. Let l(p) = 25*p**3 - 2*p - 1. Determine l(r).
-24
Let j(l) = 16*l**2 + 94*l - 10. Let v be j(-6). Let k(f) be the third derivative of f**4/12 - 7*f**2. Give k(v).
4
Let w(t) = -9*t - 4. Let c(u) be the second derivative of -2*u**3/3 - u**2 - 31*u. Let d(p) = -5*c(p) + 2*w(p). Calculate d(-2).
-2
Let f(k) = -k**2 + 9*k - 12. Let v be f(7). Let m(w) = -7*w + 2*w**v + 0*w**2 + 10 - w**2 - w. What is m(7)?
3
Let c(j) = -3*j**2 - 14*j - 3. Let w be (-1)/(-9) - (-368)/(-72). Calculate c(w).
-8
Let s be (-16)/6 + 4/(-12). Let c = 6 + s. Let q(u) = u**3 - 4*u**2 + 3*u + 1. Determine q(c).
1
Let k(m) = m**3 - 3*m**2 + 4*m - 9. Let d(u) = 20*u - 57. Let i be d(3). What is k(i)?
3
Let g(y) = -4*y**2 + 1. Let j(b) = -b**3 + 4*b**2 - 2*b - 1. Let r(m) = m**2 - m. Let w(o) = -j(o) + 2*r(o). Let c be w(2). Calculate g(c).
-3
Let y(d) = -11*d**2 - d + 3. Let h(w) = -2*w**2 - w + 1. Let x(m) = -4*h(m) + y(m). Calculate x(2).
-7
Let a be ((-9)/2)/(6/(-4)). Let u be (4/(-6))/((-6)/99). Let r(n) = 20 - u - 8 + a*n - 2*n. Give r(1).
2
Let q(x) be the first derivative of x**3/3 + x**2/2 - 2*x + 2. Determine q(2).
4
Let o be 2*-4*(-6 + (-63)/(-12)). Let w(d) = -6*d**3 + 2*d**2 + 2*d**2 + 5*d**3 + 2*d**2 - d + 7. What is w(o)?
1
Let z(i) = -i - 6. Let d(m) = -4*m - 20. Let p(y) = -3*d(y) + 10*z(y). Determine p(6).
12
Let t(h) = h**3 - 2*h**2 + 2*h. Suppose -3 = 8*i - 9*i. Suppose i*m - w - 9 = 0, -7 = m + w + 2*w. Give t(m).
4
Let l(o) = 3*o - 6. Let y be l(-3). Let x be y/6 - 1/(-2). Let u(q) be the third derivative of q**5/60 - q**3/6 + q**2. Determine u(x).
3
Let w(j) be the first derivative of -5*j**3/3 + 624. Let g = 0 - -1. Determine w(g).
-5
Let m(p) = p**3 - 4*p**2 + 3*p - 3. Let l(h) = -2*h**2 + 8*h + 8. Let n be l(-5). Let i = n - -85. Determine m(i).
-3
Suppose 3*q - 4 - 2 = 0. Let l(p) = 5*p + q*p - 13*p - 2 + 7*p. Let m = 10 - 4. Give l(m).
4
Let k(s) = 8*s**3 + 8*s**2 + s + 1. Let l(g) = -13*g**3 - 12*g**2 - 2*g - 2. Let y(u) = -8*k(u) - 5*l(u). Let b be (-8)/(-5) + (-12)/(-30). What is y(b)?
-2
Let b(i) be the third derivative of i**7/5040 + 7*i**6/720 + i**5/5 - i**2. Let d(p) be the third derivative of b(p). Determine d(-6).
1
Let x(h) = -6 + 4 - 5 + h**2 + 0 + 3. Calculate x(4).
12
Let n(d) = 26 - 48 + 24 - 3*d. Let j(y) be the first derivative of -y**4/4 - y**3/3 - y**2/2 - 2*y - 3. Let u be j(-2). What is n(u)?
-10
Suppose 0 = 134*k - 147*k - 52. Let o(h) = 6*h - 2. Give o(k).
-26
Let h(c) = 13*c**2 + 16*c + 8. Let x(d) = 11*d**2 + 14*d + 8. Let p(g) = -6*h(g) + 7*x(g). Calculate p(-4).
-16
Suppose 3*a = 2*a - 3*s + 5, 3*a = -2*s + 8. Suppose -3*g - g - 14 = -f, a*g = -3*f + 14. Let i(p) = -p**2 - 3*p**2 + 8*p - p - 1 + 3*p**2. Determine i(f).
5
Let c(n) = 4*n - 73. Let i(h) = 4*h - 73. Let y(u) = -3*c(u) + 2*i(u). What is y(18)?
1
Let o(k) = 1. Let c(d) = 9. Let f(y) = y + 18. Let m(b) = 10*c(b) - 4*f(b). Let a(t) = m(t) - 10*o(t). What is a(6)?
-16
Suppose -3*j - 13 = 3*g + 2, -4 = j. Let m = 8 + g. Suppose -m = d - 6. Let q(l) = -l**2 - 2*l - 1. Calculate q(d).
0
Let a(w) = -w + 1. Let k(f) = -f + 7. Let d(u) = -u**2 - 9*u - 16. Let t be d(-7). Let n be t/(-2)*(-1 + 2). Let r(z) = n*k(z) - 6*a(z). Calculate r(-1).
-4
Let w(v) = 3*v - 7. Suppose -3*j = -4*m + 79, 4*j - 2 = 3*m - 63. Let y = m + -37. Let k be 26/234 + (-124)/y. What is w(k)?
14
Let p(t) = -t**2 - t - 1. Let z(c) = 6*c**2 + 6*c + 30. Let g(s) = -5*p(s) - z(s). Determine g(0).
-25
Let j(b) = b + 2. Let t(v) = -3*v + 11. Let c be t(6). Let o be -16 + 0 - (10 + c). Let n = o - -13. What is j(n)?
-4
Let h(b) = 37*b - 43*b - 11 + 23*b. Let l(u) = -6*u + 4. Let s(x) = -3*h(x) - 8*l(x). What is s(3)?
-8
Let w(q) = q**3 - 4*q**2 - 5*q. Let t(x) = -3*x**2 - 7*x + 115. Let v be t(5). What is w(v)?
0
Let m(k) = -k**3 - 6*k**2 + 3*k - 3. Let h(q) = 3*q**2 + 19*q + 14. Let n be h(-5). What is m(n)?
-21
Let k(h) be the third derivative of h**6/120 - h**5/5 + h**4/2 - 5*h**3/3 + h**2 - 98. Calculate k(11).
1
Let j(t) = t**3 - t**2 + 3*t - 4. Let w(c) = c**2 + 1. Let m(k) = -j(k) - 6*w(k). Let b(p) = -p**3 + 4*p - 19. Let f be b(-3). Give m(f).
-6
Let f(j) = j**2 - 3*j + 5. Let q = 135 + -82. Let v = 59 - q. Calculate f(v).
23
Suppose 5*x = z - 12, 0 = -5*x + 3*x - 4. Let l(q) = 1 - 74*q - z + 82*q. Give l(1).
7
Let k(l) = -66398*l - l**3 + 66400*l - 8*l**2 - 6 + 0. Determine k(-8).
-22
Let k be (8/(-18))/(14/(-63)). Let q(n) = -n**2 + 2. Determine q(k).
-2
Let x(r) = -4*r - 12. Let s(y) = -8*y - 21. Let o(g) = -3*s(g) + 5*x(g). Calculate o(-4).
-13
Let r(y) = -y - 14. Let o be r(-12). Let a(s) = 4*s - 1 + 3*s - 13*s. Let b(u) = -17*u - 3. Let t(f) = -11*a(f) + 4*b(f). Calculate t(o).
3
Let s(n) be the second derivative of n**4/12 - n**3/2 - 7*n**2/2 - n + 240. Determine s(-2).
3
Let t(r) = r**3 - 8*r**2 + 10*r - 20. Let j be t(7). Suppose 0 = -x + 2*x + j. Let h(m) be the third derivative of -m**5/20 + 2*m**2. Give h(x).
-3
Let m be 7 + 0/6 + 3. Let c(u) = -u**2 + 11*u - 7. What is c(m)?
3
Let t = -3 + 9. Let s(y) be the second derivative of 0 - 1/2*y**2 + 7*y - 1/20*y**5 + 1/2*y**4 + 1/6*y**3. Calculate s(t).
5
Let u(i) = -5*i**3 + 2*i**2 - 3*i + 3. Suppose 2*g + 5*j = -11, -5*j - 23 = -g - 3*g. What is u(g)?
-35
Let k(a) be the third derivative o